{"id":20,"date":"2017-01-14T01:06:43","date_gmt":"2017-01-14T00:06:43","guid":{"rendered":"http:\/\/drsarkistaifour.fr\/?page_id=20"},"modified":"2018-05-12T10:03:02","modified_gmt":"2018-05-12T08:03:02","slug":"imagerie-diagnostic","status":"publish","type":"page","link":"https:\/\/drsarkistaifour.fr\/index.php\/imagerie-diagnostic\/","title":{"rendered":"Imagerie Diagnostic"},"content":{"rendered":"<p style=\"text-align: left;\"><span style=\"color: #000000;\"><a href=\"http:\/\/drsarkistaifour.fr\/index.php\/imagerie-diagnostic\/\">Regroupe les moyens d&#8217;acquisition<\/a> et de restitution d&#8217;images du corps humain \u00e0 partir de diff\u00e9rents ph\u00e9nom\u00e8nes physiques tels que l&#8217;absorption des rayons X, la r\u00e9sonance magn\u00e9tique nucl\u00e9aire, la r\u00e9flexion d&#8217;ondes ultrasons. ces technologies ont r\u00e9volutionn\u00e9 la m\u00e9decine gr\u00e2ce au progr\u00e8s de l&#8217;informatique en permettant de visualiser indirectement l&#8217;anatomie, la physiologie ou le m\u00e9tabolisme du corps humain. D\u00e9velopp\u00e9es comme outil diagnostique.<\/span><\/p>\n<hr \/>\n<p style=\"text-align: left;\"><a href=\"http:\/\/drsarkistaifour.fr\/index.php\/imagerie-diagnostic\/irm\/\">IRM<\/a><\/p>\n<p style=\"text-align: left;\"><a href=\"http:\/\/drsarkistaifour.fr\/index.php\/imagerie-diagnostic\/scanner\/\">SCANNER<\/a><\/p>\n<p style=\"text-align: left;\"><a href=\"http:\/\/drsarkistaifour.fr\/index.php\/radiologie\/\">RADIOLOGIE\u00a0<\/a><\/p>\n<p style=\"text-align: left;\"><a href=\"http:\/\/drsarkistaifour.fr\/index.php\/echographie\/\">ECHOGRAPHIE<\/a><\/p>\n<p style=\"text-align: left;\">\n","protected":false},"excerpt":{"rendered":"<p>Regroupe les moyens d&#8217;acquisition et de restitution d&#8217;images du corps humain \u00e0 partir de diff\u00e9rents ph\u00e9nom\u00e8nes physiques tels que l&#8217;absorption des rayons X, la r\u00e9sonance magn\u00e9tique nucl\u00e9aire, la r\u00e9flexion d&#8217;ondes ultrasons. ces technologies ont r\u00e9volutionn\u00e9 la m\u00e9decine gr\u00e2ce au progr\u00e8s de l&#8217;informatique en permettant de visualiser indirectement l&#8217;anatomie, la physiologie ou le m\u00e9tabolisme du corps &hellip; <\/p>\n<p class=\"link-more\"><a href=\"https:\/\/drsarkistaifour.fr\/index.php\/imagerie-diagnostic\/\" class=\"more-link\">Continue reading<span class=\"screen-reader-text\"> &#8220;Imagerie Diagnostic&#8221;<\/span><\/a><\/p>\n","protected":false},"author":1,"featured_media":262,"parent":0,"menu_order":0,"comment_status":"closed","ping_status":"closed","template":"","meta":[],"_links":{"self":[{"href":"https:\/\/drsarkistaifour.fr\/index.php\/wp-json\/wp\/v2\/pages\/20"}],"collection":[{"href":"https:\/\/drsarkistaifour.fr\/index.php\/wp-json\/wp\/v2\/pages"}],"about":[{"href":"https:\/\/drsarkistaifour.fr\/index.php\/wp-json\/wp\/v2\/types\/page"}],"author":[{"embeddable":true,"href":"https:\/\/drsarkistaifour.fr\/index.php\/wp-json\/wp\/v2\/users\/1"}],"replies":[{"embeddable":true,"href":"https:\/\/drsarkistaifour.fr\/index.php\/wp-json\/wp\/v2\/comments?post=20"}],"version-history":[{"count":7,"href":"https:\/\/drsarkistaifour.fr\/index.php\/wp-json\/wp\/v2\/pages\/20\/revisions"}],"predecessor-version":[{"id":160,"href":"https:\/\/drsarkistaifour.fr\/index.php\/wp-json\/wp\/v2\/pages\/20\/revisions\/160"}],"wp:featuredmedia":[{"embeddable":true,"href":"https:\/\/drsarkistaifour.fr\/index.php\/wp-json\/wp\/v2\/media\/262"}],"wp:attachment":[{"href":"https:\/\/drsarkistaifour.fr\/index.php\/wp-json\/wp\/v2\/media?parent=20"}],"curies":[{"name":"wp","href":"https:\/\/api.w.org\/{rel}","templated":true}]}}