{"id":209,"date":"2017-11-13T22:07:35","date_gmt":"2017-11-13T21:07:35","guid":{"rendered":"http:\/\/drsarkistaifour.fr\/?page_id=209"},"modified":"2018-03-24T14:18:51","modified_gmt":"2018-03-24T13:18:51","slug":"interventionnelle-en-gastro-enterologie","status":"publish","type":"page","link":"https:\/\/drsarkistaifour.fr\/index.php\/radiologie-interventionnelle\/interventionnelle-en-gastro-enterologie\/","title":{"rendered":"Interventionnelle en gastro-ent\u00e9rologie"},"content":{"rendered":"<ol>\n<li>Biopsie h\u00e9patique trans-jugulaire.<\/li>\n<li>Gastro-stomie.<\/li>\n<li>Embolisation portale.<\/li>\n<li>Chimio-embolisation art\u00e9rielle h\u00e9patique.<\/li>\n<li>Drainage biliaire et pose d\u2019endroproth\u00e8se.<\/li>\n<\/ol>\n","protected":false},"excerpt":{"rendered":"<p>Biopsie h\u00e9patique trans-jugulaire. Gastro-stomie. Embolisation portale. Chimio-embolisation art\u00e9rielle h\u00e9patique. Drainage biliaire et pose d\u2019endroproth\u00e8se.<\/p>\n","protected":false},"author":1,"featured_media":0,"parent":64,"menu_order":0,"comment_status":"closed","ping_status":"closed","template":"","meta":[],"_links":{"self":[{"href":"https:\/\/drsarkistaifour.fr\/index.php\/wp-json\/wp\/v2\/pages\/209"}],"collection":[{"href":"https:\/\/drsarkistaifour.fr\/index.php\/wp-json\/wp\/v2\/pages"}],"about":[{"href":"https:\/\/drsarkistaifour.fr\/index.php\/wp-json\/wp\/v2\/types\/page"}],"author":[{"embeddable":true,"href":"https:\/\/drsarkistaifour.fr\/index.php\/wp-json\/wp\/v2\/users\/1"}],"replies":[{"embeddable":true,"href":"https:\/\/drsarkistaifour.fr\/index.php\/wp-json\/wp\/v2\/comments?post=209"}],"version-history":[{"count":3,"href":"https:\/\/drsarkistaifour.fr\/index.php\/wp-json\/wp\/v2\/pages\/209\/revisions"}],"predecessor-version":[{"id":253,"href":"https:\/\/drsarkistaifour.fr\/index.php\/wp-json\/wp\/v2\/pages\/209\/revisions\/253"}],"up":[{"embeddable":true,"href":"https:\/\/drsarkistaifour.fr\/index.php\/wp-json\/wp\/v2\/pages\/64"}],"wp:attachment":[{"href":"https:\/\/drsarkistaifour.fr\/index.php\/wp-json\/wp\/v2\/media?parent=209"}],"curies":[{"name":"wp","href":"https:\/\/api.w.org\/{rel}","templated":true}]}}