{"id":213,"date":"2017-11-13T22:08:37","date_gmt":"2017-11-13T21:08:37","guid":{"rendered":"http:\/\/drsarkistaifour.fr\/?page_id=213"},"modified":"2018-03-24T14:18:14","modified_gmt":"2018-03-24T13:18:14","slug":"interventionnelle-urgences","status":"publish","type":"page","link":"https:\/\/drsarkistaifour.fr\/index.php\/interventionnelle-urgences\/","title":{"rendered":"Interventionnelle urgences"},"content":{"rendered":"<ol>\n<li>Embolisations h\u00e9mostatiques (trauma, foie, rate, bassin)<\/li>\n<li>Drainage p\u00e9rcutan\u00e9 de collection profonde.<\/li>\n<\/ol>\n","protected":false},"excerpt":{"rendered":"<p>Embolisations h\u00e9mostatiques (trauma, foie, rate, bassin) Drainage p\u00e9rcutan\u00e9 de collection profonde.<\/p>\n","protected":false},"author":1,"featured_media":0,"parent":0,"menu_order":0,"comment_status":"closed","ping_status":"closed","template":"","meta":[],"_links":{"self":[{"href":"https:\/\/drsarkistaifour.fr\/index.php\/wp-json\/wp\/v2\/pages\/213"}],"collection":[{"href":"https:\/\/drsarkistaifour.fr\/index.php\/wp-json\/wp\/v2\/pages"}],"about":[{"href":"https:\/\/drsarkistaifour.fr\/index.php\/wp-json\/wp\/v2\/types\/page"}],"author":[{"embeddable":true,"href":"https:\/\/drsarkistaifour.fr\/index.php\/wp-json\/wp\/v2\/users\/1"}],"replies":[{"embeddable":true,"href":"https:\/\/drsarkistaifour.fr\/index.php\/wp-json\/wp\/v2\/comments?post=213"}],"version-history":[{"count":2,"href":"https:\/\/drsarkistaifour.fr\/index.php\/wp-json\/wp\/v2\/pages\/213\/revisions"}],"predecessor-version":[{"id":251,"href":"https:\/\/drsarkistaifour.fr\/index.php\/wp-json\/wp\/v2\/pages\/213\/revisions\/251"}],"wp:attachment":[{"href":"https:\/\/drsarkistaifour.fr\/index.php\/wp-json\/wp\/v2\/media?parent=213"}],"curies":[{"name":"wp","href":"https:\/\/api.w.org\/{rel}","templated":true}]}}