{"id":215,"date":"2017-11-13T22:08:56","date_gmt":"2017-11-13T21:08:56","guid":{"rendered":"http:\/\/drsarkistaifour.fr\/?page_id=215"},"modified":"2018-03-24T14:17:54","modified_gmt":"2018-03-24T13:17:54","slug":"interventionnelle-en-urologie","status":"publish","type":"page","link":"https:\/\/drsarkistaifour.fr\/index.php\/interventionnelle-en-urologie\/","title":{"rendered":"Interventionnelle en urologie"},"content":{"rendered":"<ol>\n<li>n\u00e9phrostomie, sonde JJ.<\/li>\n<li>dilatation de st\u00e9nose ur\u00e9t\u00e9rale (Bricker).<\/li>\n<li>Embolisation d\u2019angiomyolipome.<\/li>\n<li>Scl\u00e9rose kyste r\u00e9nal.<\/li>\n<li>Embolisation varicoc\u00e8le gonadique (varicocel et varice pelvienne).<\/li>\n<li>Embolisation prostatique.<\/li>\n<\/ol>\n","protected":false},"excerpt":{"rendered":"<p>n\u00e9phrostomie, sonde JJ. dilatation de st\u00e9nose ur\u00e9t\u00e9rale (Bricker). Embolisation d\u2019angiomyolipome. Scl\u00e9rose kyste r\u00e9nal. Embolisation varicoc\u00e8le gonadique (varicocel et varice pelvienne). Embolisation prostatique.<\/p>\n","protected":false},"author":1,"featured_media":0,"parent":0,"menu_order":0,"comment_status":"closed","ping_status":"closed","template":"","meta":[],"_links":{"self":[{"href":"https:\/\/drsarkistaifour.fr\/index.php\/wp-json\/wp\/v2\/pages\/215"}],"collection":[{"href":"https:\/\/drsarkistaifour.fr\/index.php\/wp-json\/wp\/v2\/pages"}],"about":[{"href":"https:\/\/drsarkistaifour.fr\/index.php\/wp-json\/wp\/v2\/types\/page"}],"author":[{"embeddable":true,"href":"https:\/\/drsarkistaifour.fr\/index.php\/wp-json\/wp\/v2\/users\/1"}],"replies":[{"embeddable":true,"href":"https:\/\/drsarkistaifour.fr\/index.php\/wp-json\/wp\/v2\/comments?post=215"}],"version-history":[{"count":2,"href":"https:\/\/drsarkistaifour.fr\/index.php\/wp-json\/wp\/v2\/pages\/215\/revisions"}],"predecessor-version":[{"id":250,"href":"https:\/\/drsarkistaifour.fr\/index.php\/wp-json\/wp\/v2\/pages\/215\/revisions\/250"}],"wp:attachment":[{"href":"https:\/\/drsarkistaifour.fr\/index.php\/wp-json\/wp\/v2\/media?parent=215"}],"curies":[{"name":"wp","href":"https:\/\/api.w.org\/{rel}","templated":true}]}}