{"id":63,"date":"2017-01-14T12:28:53","date_gmt":"2017-01-14T11:28:53","guid":{"rendered":"http:\/\/drsarkistaifour.fr\/?page_id=63"},"modified":"2017-01-15T21:18:28","modified_gmt":"2017-01-15T20:18:28","slug":"irm","status":"publish","type":"page","link":"https:\/\/drsarkistaifour.fr\/index.php\/imagerie-diagnostic\/irm\/","title":{"rendered":"IRM"},"content":{"rendered":"<p>L\u2019Imagerie par R\u00e9sonance Magn\u00e9tique est une technique qui analyse les organes de votre corps en utilisant un aimant tr\u00e8s puissant.<br \/>\nCet aimant forme l\u2019essentiel de l\u2019appareil.<br \/>\nLa combinaison des \u00e9nergies d\u00e9livr\u00e9es par cet appareil permet de d\u00e9tecter le signal \u00e9mis par les atomes d\u2019hydrog\u00e8ne contenus dans les organes.<\/p>\n<p><strong>L\u2019IRM n\u2019utilise pas les rayons X et n\u2019est pas une technique irradiante.<\/strong><\/p>\n","protected":false},"excerpt":{"rendered":"<p>L\u2019Imagerie par R\u00e9sonance Magn\u00e9tique est une technique qui analyse les organes de votre corps en utilisant un aimant tr\u00e8s puissant. Cet aimant forme l\u2019essentiel de l\u2019appareil. La combinaison des \u00e9nergies d\u00e9livr\u00e9es par cet appareil permet de d\u00e9tecter le signal \u00e9mis par les atomes d\u2019hydrog\u00e8ne contenus dans les organes. L\u2019IRM n\u2019utilise pas les rayons X et &hellip; <\/p>\n<p class=\"link-more\"><a href=\"https:\/\/drsarkistaifour.fr\/index.php\/imagerie-diagnostic\/irm\/\" class=\"more-link\">Continue reading<span class=\"screen-reader-text\"> &#8220;IRM&#8221;<\/span><\/a><\/p>\n","protected":false},"author":1,"featured_media":92,"parent":20,"menu_order":0,"comment_status":"closed","ping_status":"closed","template":"","meta":[],"_links":{"self":[{"href":"https:\/\/drsarkistaifour.fr\/index.php\/wp-json\/wp\/v2\/pages\/63"}],"collection":[{"href":"https:\/\/drsarkistaifour.fr\/index.php\/wp-json\/wp\/v2\/pages"}],"about":[{"href":"https:\/\/drsarkistaifour.fr\/index.php\/wp-json\/wp\/v2\/types\/page"}],"author":[{"embeddable":true,"href":"https:\/\/drsarkistaifour.fr\/index.php\/wp-json\/wp\/v2\/users\/1"}],"replies":[{"embeddable":true,"href":"https:\/\/drsarkistaifour.fr\/index.php\/wp-json\/wp\/v2\/comments?post=63"}],"version-history":[{"count":2,"href":"https:\/\/drsarkistaifour.fr\/index.php\/wp-json\/wp\/v2\/pages\/63\/revisions"}],"predecessor-version":[{"id":72,"href":"https:\/\/drsarkistaifour.fr\/index.php\/wp-json\/wp\/v2\/pages\/63\/revisions\/72"}],"up":[{"embeddable":true,"href":"https:\/\/drsarkistaifour.fr\/index.php\/wp-json\/wp\/v2\/pages\/20"}],"wp:featuredmedia":[{"embeddable":true,"href":"https:\/\/drsarkistaifour.fr\/index.php\/wp-json\/wp\/v2\/media\/92"}],"wp:attachment":[{"href":"https:\/\/drsarkistaifour.fr\/index.php\/wp-json\/wp\/v2\/media?parent=63"}],"curies":[{"name":"wp","href":"https:\/\/api.w.org\/{rel}","templated":true}]}}